25376025 is divided by 956.
917
What is the remainder when 92610 is divided by 2102?
122
What is the remainder when 22240408 is divided by 706?
702
What is the remainder when 105132 is divided by 2170?
972
What is the remainder when 2665695 is divided by 19893?
33
What is the remainder when 120533 is divided by 395?
58
What is the remainder when 18347472 is divided by 14?
10
Calculate the remainder when 53722 is divided by 3262.
1530
Calculate the remainder when 24399 is divided by 22127.
2272
Calculate the remainder when 4025780 is divided by 4025760.
20
What is the remainder when 210375 is divided by 35061?
9
Calculate the remainder when 103522 is divided by 103146.
376
What is the remainder when 49927 is divided by 24962?
3
What is the remainder when 769195 is divided by 8288?
6699
What is the remainder when 69917 is divided by 15971?
6033
Calculate the remainder when 384566 is divided by 1520.
6
Calculate the remainder when 21944 is divided by 5180.
1224
Calculate the remainder when 88881 is divided by 88830.
51
Calculate the remainder when 1426381 is divided by 762.
679
What is the remainder when 1223379 is divided by 51?
42
What is the remainder when 7394106 is divided by 54?
48
What is the remainder when 1079921 is divided by 341?
315
Calculate the remainder when 128980 is divided by 54.
28
What is the remainder when 4704878 is divided by 564?
554
What is the remainder when 50589207 is divided by 6510?
6507
Calculate the remainder when 164905 is divided by 710.
185
Calculate the remainder when 24592587 is divided by 198.
195
What is the remainder when 60030 is divided by 124?
14
What is the remainder when 49614157 is divided by 16538050?
7
What is the remainder when 49172909 is divided by 179?
177
Calculate the remainder when 549340984 is divided by 733.
731
What is the remainder when 28054959 is divided by 226?
223
Calculate the remainder when 48964859 is divided by 35050.
9
Calculate the remainder when 163301 is divided by 4651.
516
Calculate the remainder when 1373262627 is divided by 6.
3
Calculate the remainder when 107749 is divided by 1268.
1237
What is the remainder when 25229609 is divided by 2118?
2111
Calculate the remainder when 1064942 is divided by 5351.
93
What is the remainder when 15981631 is divided by 245871?
16
Calculate the remainder when 660743 is divided by 220244.
11
What is the remainder when 4573531 is divided by 528?
523
Calculate the remainder when 20478 is divided by 1718.
1580
Calculate the remainder when 2439797 is divided by 15.
2
What is the remainder when 10006451 is divided by 179?
172
What is the remainder when 584724516 is divided by 7?
5
Calculate the remainder when 52428 is divided by 2648.
2116
Calculate the remainder when 6665863 is divided by 28.
15
What is the remainder when 6872315 is divided by 3?
2
Calculate the remainder when 2795728 is divided by 23296.
208
Calculate the remainder when 1223167 is divided by 124.
31
What is the remainder when 183198 is divided by 61035?
93
Calculate the remainder when 747041 is divided by 46615.
1201
What is the remainder when 102601 is divided by 14594?
443
What is the remainder when 766626 is divided by 153301?
121
Calculate the remainder when 834323 is divided by 2383.
273
What is the remainder when 21544 is divided by 3126?
2788
What is the remainder when 13775 is divided by 8633?
5142
What is the remainder when 3807477 is divided by 56826?
135
Calculate the remainder when 325830645 is divided by 41.
37
Calculate the remainder when 59226 is divided by 1790.
156
Calculate the remainder when 23814 is divided by 22449.
1365
Calculate the remainder when 39651274 is divided by 65.
39
Calculate the remainder when 21096 is divided by 212.
108
Calculate the remainder when 61018 is divided by 30434.
150
Calculate the remainder when 11298305 is divided by 3256.
3241
What is the remainder when 1936977 is divided by 276708?
21
Calculate the remainder when 66483 is divided by 27450.
11583
Calculate the remainder when 187102 is divided by 6916.
370
What is the remainder when 8229706 is divided by 4727?
4726
What is the remainder when 2212157 is divided by 1917?
1856
What is the remainder when 9365045 is divided by 3121676?
17
Calculate the remainder when 747150 is divided by 1854.
1842
What is the remainder when 238380 is divided by 46656?
5100
Calculate the remainder when 1528745 is divided by 509578.
11
Calculate the remainder when 1712918 is divided by 4376.
1902
What is the remainder when 30221 is divided by 4069?
1738
What is the remainder when 301842 is divided by 495?
387
What is the remainder when 157806260 is divided by 121?
117
What is the remainder when 1454464 is divided by 21389?
12
What is the remainder when 123572254 is divided by 9?
4
What is the remainder when 14987621 is divided by 167?
39
Calculate the remainder when 11802577 is divided by 355.
247
Calculate the remainder when 969497 is divided by 193897.
12
What is the remainder when 1036999 is divided by 1441?
920
What is the remainder when 2132492 is divided by 4480?
12
Calculate the remainder when 4720672 is divided by 626.
6
What is the remainder when 4129766 is divided by 217353?
59
Calculate the remainder when 14097000 is divided by 182.
8
Calculate the remainder when 2977135 is divided by 31.
19
What is the remainder when 22281518 is divided by 50?
18
What is the remainder when 60678 is divided by 6727?
135
What is the remainder when 506041787 is divided by 11?
9
Calculate the remainder when 140163 is divided by 2685.
543
Calculate the remainder when 1781848 is divided by 61.
38
What is the remainder when 6821 is divided by 3376?
69
What is the remainder when 30144 is divided by 29974?
170
What is the remainder when 7474400 is divided by 1245731?
14
What is the remainder when 55668469 is divided by 912597?
52
Calculate the remainder when 14941295 is divided by 73.
20
Calculate the remainder when 16969525 is divided by 8484754.
17
What is the remainder when 3089882 is divided by 78?
68
What is the remainder when 107441 is divided by 2365?
1016
What is the remainder when 63684 is divided by 4328?
3092
Calculate the remainder when 2315724 is divided by 1433.
1429
Calculate the remainder when 611198 is divided by 6298.
292
What is the remainder when 822215 is divided by 2794?
779
Calculate the remainder when 7624487 is divided by 691.
684
Calculate the remainder when 4624343 is divided by 4690.
3
What is the remainder when 870742 is divided by 12996?
10
What is the remainder when 39346396 is divided by 42?
40
What is the remainder when 68920 is divided by 2088?
16
Calculate the remainder when 1892782 is divided by 119.
87
What is the remainder when 5806453 is divided by 829481?
86
What is the remainder when 156931 is divided by 423?
421
What is the remainder when 427084 is divided by 212817?
1450
Calculate the remainder when 87866528 is divided by 29288822.
62
Calculate the remainder when 707260 is divided by 1521.
1516
What is the remainder when 469624 is divided by 750?
124
Calculate the remainder when 99071 is divided by 2660.
651
What is the remainder when 47529751 is divided by 12184?
12151
Calculate the remainder when 11427972 is divided by 1112.
1060
Calculate the remainder when 36574049 is divided by 1025.
1024
Calculate the remainder when 101953 is divided by 101519.
434
What is the remainder when 328046318 is divided by 2674?
2672
What is the remainder when 163417 is divided by 1486?
1443
What is the remainder when 143039947 is divided by 4331?
10
What is the remainder when 867493 is divided by 74?
65
Calculate the remainder when 9354281 is divided by 1368.
1265
Calculate the remainder when 178475 is divided by 59468.
71
Calculate the remainder when 22465 is divided by 22406.
59
What is the remainder when 461626 is divided by 751?
512
Calculate the remainder when 1700501 is divided by 566804.
89
Calculate the remainder when 12474844 is divided by 4824.
4804
What is the remainder when 417398 is divided by 2345?
2333
What is the remainder when 283225 is divided by 638?
591
What is the remainder when 83237308 is divided by 159?
13
What is the remainder when 2773133 is divided by 2813?
2328
Calculate the remainder when 1227282 is divided by 421.
67
What is the remainder when 73293073